actor of 40 and d.
20
Let u = 2 + 4. Let j = 24 - u. Let p(d) = 3*d**3 + 294*d**2 - 912*d - 267. Let x be p(-101). What is the highest common factor of x and j?
18
Let m = -5441 - -5705. What is the highest common factor of m and 14432?
88
Suppose -561*k + 2*h - 437 = -566*k, -5*h = k - 115. Calculate the greatest common factor of 272 and k.
17
Let g = 294 - 292. Suppose 26 = 3*l - g*m, 5*l - 32 = -m - 6. Calculate the greatest common divisor of 16 and l.
2
Suppose -146*z + 73*z - 8610 = -80*z. Calculate the greatest common divisor of z and 270.
30
Let w(z) = z**3 - 15*z**2 + 2*z - 136. Let s be w(17). Let r = 501 - s. Calculate the highest common factor of 35 and r.
5
Suppose -6*s + 459 = 123. Calculate the highest common divisor of s and 4.
4
Let h(t) = -t**3 + 3*t**2 - 9*t - 119. Let r be h(-9). Let u be 50/325 + r/13. Calculate the highest common factor of u and 72.
72
Suppose -4850 = -25*v + 51*v - 15016. What is the greatest common factor of 153 and v?
17
Let b be (-750)/(9*(-8)/48). Calculate the highest common factor of 60 and b.
20
Suppose -2*f - 572 = -2420. Suppose -37*c - f = -44*c. Calculate the highest common divisor of c and 33.
33
Suppose 2*h + 5*k - 410 = 0, -33*k + 37*k = -4*h + 784. What is the highest common divisor of h and 114?
38
Let b = 414 - -50. Let q = -289 + b. What is the highest common factor of q and 70?
35
Let p = -1592 + 2122. What is the greatest common factor of p and 20?
10
Let g be (-3)/((-36)/4780) + 1/(-3). Let m = g + -238. Calculate the highest common factor of m and 560.
80
Let t = -15611 + 15656. Let x(j) = 3*j**2 + 2*j + 17. Let v be x(-7). Calculate the greatest common factor of v and t.
15
Suppose 5*m - 6*i - 55 = -11*i, -i = -3*m + 49. What is the greatest common factor of 2445 and m?
15
Let u be 72/240 - (-1747)/10. What is the greatest common factor of 15575 and u?
175
Suppose 156 = 11*x - 7*x. Suppose -5*h = m - x, 4*h - 4*m - 10 = 2. Suppose -5*a + 98 = -3*a. What is the greatest common factor of a and h?
7
Let l(m) = -14*m. Let g be l(-1). Suppose -2*q = -4*j - 158 - 832, 0 = -3*q - 2*j + 1493. Let b = -495 + q. Calculate the highest common divisor of g and b.
2
Let y = 126 - -41. Let h = y - 140. Calculate the highest common factor of 12 and h.
3
Let p(a) = -a**2 - 19*a - 77. Let c be p(-12). Let z(v) = 4*v**2 + 8*v - 31. Let u be z(c). Calculate the highest common divisor of u and 39.
13
Suppose -12*t + 4015 = -1457. Calculate the highest common factor of 190 and t.
38
Let z(p) = -p**2 - 15*p - 29. Suppose 348*y = 340*y - 64. Let b be z(y). Let a = -56 - -83. What is the greatest common divisor of a and b?
27
Let a(v) = 65*v**2 - 380*v - 30. Let y be a(6). Let t(i) = 22*i**2 + 5*i - 5. Let r be t(5). Calculate the greatest common divisor of r and y.
30
Let k(c) = -c - 1. Let t be k(-2). Suppose 6*a - 47 = 31. Suppose -8*v + 61 = a. Calculate the greatest common factor of v and t.
1
Let y(q) = 41*q + 2136. Let r be y(-48). Calculate the greatest common divisor of r and 80.
8
Let p be 19/(204/(-42738)*1/(-2)). What is the highest common factor of 38 and p?
19
Let w be (-1218)/(-35)*5/3. Let c = 66 - w. Suppose 4*p - a - 195 = 0, -p + 11 = -2*a - 43. Calculate the highest common divisor of p and c.
8
Suppose -5*x = -2*x - 5*a - 83, -2*a + 154 = 4*x. Suppose -16604*w + 16621*w - 4896 = 0. Calculate the highest common factor of x and w.
36
Suppose -2*q = -5*p + 332, -24*q + 19*q + 127 = 2*p. What is the highest common divisor of 3564 and p?
66
Let h = 119 - -400. Suppose 131 = -10*a - h. Let t = a + 76. Calculate the highest common factor of 209 and t.
11
Suppose -5*v = -5*c + 110, -20 = v + 3*v. Let h be 274/4 + (-46)/92. What is the highest common divisor of c and h?
17
Suppose -22*m - 4252 = 4372. Let s = -323 - m. Calculate the greatest common divisor of s and 897.
69
Let l be 16/3 + 6/(-18). Suppose 160 = 7*a - 449. Suppose -c + d = -d - a, -25 = l*d. Calculate the highest common factor of 11 and c.
11
Let o be (15/12)/(5/20). Suppose o*c - 19 = 1. Let f be (90/21)/((-25)/(-210)). What is the greatest common divisor of c and f?
4
Suppose 114*i - 56848 = -38*i. What is the greatest common divisor of 528 and i?
22
Let g = 14971 + -14924. What is the highest common divisor of 12361 and g?
47
Let x(k) = -16*k - 155. Let h be x(-11). Suppose -u - 1000 = -h*u. What is the greatest common divisor of u and 200?
50
Let w be 1/(8/(-10) + 1). Suppose 5*s - 3*z + 138 = 0, -w*s + z + z - 137 = 0. Let t be (-318)/s + (-6)/(-27). Calculate the highest common factor of t and 48.
12
Let x(j) = j**3 - 4*j**2 + j - 8. Let d be x(4). Let h be d/6*210/28. Let c be ((-20)/25)/(2/h). Calculate the highest common divisor of c and 10.
2
Suppose -18*i + 15*i + 3603 = g, -5*g + 2*i + 17913 = 0. What is the highest common divisor of g and 75?
15
Suppose -2395 = -16*w + 629. What is the greatest common factor of 4662 and w?
63
Let b(l) = -5*l**3 + 5*l**2 + 3*l - 1. Suppose 0 = -4*g + 2*d - 14, 4*d = -g + 2*g + 7. Let r be b(g). Calculate the greatest common factor of 34 and r.
34
Let v = 1104 + -1044. What is the greatest common factor of 118 and v?
2
Suppose 10*s + 6 = 12*s. Suppose -5*b - s*i + 124 = 0, -i = b + 2*i - 20. Suppose 50 = k - 15. What is the greatest common divisor of k and b?
13
Let i(h) = -46*h - 381. Let p be i(-10). Calculate the greatest common factor of 5 and p.
1
Suppose -2*a - 7 = -21. Suppose a = 2*c - 1. Suppose -5*u = 5*n - 490, 0*u = c*n + u - 395. Calculate the greatest common factor of n and 9.
9
Suppose -a = -6*k + 1082, 192 = 2*k - a - 170. Calculate the highest common factor of k and 864.
36
Let f be (6/7)/((-45)/315). Let m(o) = o**3 + 8*o**2 + o - 37. Let s be m(f). What is the highest common factor of s and 1?
1
Let b(r) = 26*r - 126. Let g(t) = 6*t - 31. Let j(k) = 2*b(k) - 9*g(k). Let m be j(-5). Calculate the highest common factor of m and 1.
1
Suppose 0 = -12*d + 9*d. Suppose -4*k + 6*k - 36 = d. Let o = 15 + 3. What is the greatest common divisor of o and k?
18
Let x = -161 + 74. Let p = x - -124. What is the greatest common divisor of p and 333?
37
Suppose -8*f + 177 = -127. Suppose 2*a = -0*a + 32. Let q = a + f. What is the highest common factor of q and 6?
6
Let o be -14*(-15)/2730 + (-40662)/(-26). What is the highest common divisor of o and 119?
17
Suppose 19*a = -5*d + 21*a + 1811, 2*d + 5*a = 707. Suppose 2*q + 89 = d. Let n be (-1 - -2)*0 + 17. What is the greatest common divisor of q and n?
17
Suppose 3*w + 0*w - 15 = 0. Suppose 11*c + 25*c = 1476. Suppose -w*o - c = -156. Calculate the highest common factor of 23 and o.
23
Let h = -11293 + 11876. Calculate the greatest common divisor of h and 530.
53
Suppose 89*r = 92*r + 2*o - 3486, 2*r - 4*o - 2324 = 0. Calculate the highest common divisor of 332 and r.
166
Let o = -11829 - -12578. What is the greatest common factor of o and 308?
7
Suppose -10*f + 12 = -8. Suppose -33 = f*j - 5*j. Calculate the highest common divisor of j and 11.
11
Let n(y) = -y**3 + 18*y**2 + 42*y - 183. Let v be n(7). Let g(k) = k**2 + 1. Let t be g(-5). Calculate the greatest common divisor of v and t.
26
Suppose 19*q - 23*q - 1080 = -2*n, 0 = q + n + 270. Let z = q + 298. Calculate the highest common factor of 182 and z.
14
Let x(u) = -6 + 2*u + 0 + 5. Let y be x(-1). Let q be ((-2)/6)/(y/351). Calculate the greatest common factor of 13 and q.
13
Let r = 5 - 1. Suppose -4*b - 3*j + 489 = 0, -r*b + 7*j + 524 = 3*j. Suppose 0 = -352*u + 353*u - 84. Calculate the greatest common factor of b and u.
42
Let q = 192 + -120. Suppose -3*n = -9*n + q. What is the highest common factor of n and 96?
12
Suppose -25*i = 33*i - 4176. What is the highest common factor of 512 and i?
8
Let q(n) = -2*n**3 - n**2 - 2*n - 1. Let g be (-1 + 0)/(-3*(-1)/3). Let y be q(g). Suppose y*m - 3*m = -120. What is the greatest common divisor of 24 and m?
24
Let f(i) = -12*i - 2. Let l be f(-3). Suppose -581 - 804 = -24*q - 232 + 887. Calculate the greatest common factor of l and q.
17
Let n = -405 - -829. Calculate the greatest common divisor of 16 and n.
8
Suppose 0 = -2*r + f + 1228, 5*r - 10*r = f - 3084. Calculate the greatest common factor of r and 70.
14
Suppose 19 = -4*o + 4*z - 13, -o - 2*z + 4 = 0. Let b(i) = 2*i + 24. Let l be b(o). Let w be 128 + 0/(1 + 0). Cal